 - 29*y**2 + 5*y + 7. List the prime factors of c(-11).
2, 109
Suppose i = 3*f - 7 + 2, -10 = -i - 2*f. Suppose 0 = 4*m - 3*k - 572, -i*k = 2*m + 2*m - 572. What are the prime factors of m?
11, 13
Let p = -50 + 288. Suppose -6*j + p = -128. List the prime factors of j.
61
Let k be 15 + (-12)/(-3) - 4. Suppose k*m - 10*m = 645. What are the prime factors of m?
3, 43
List the prime factors of 15188/22 - (-12)/(-33).
2, 3, 5, 23
Let y = 62 + -70. Suppose 4*l + 38 = 3*w + 8*l, -l = -5*w + 71. Let g = w + y. List the prime factors of g.
2, 3
Let y(t) = -40*t + 194. List the prime factors of y(-21).
2, 11, 47
Suppose -2*a - 1 = n + 3, 4*n - 8 = 4*a. Suppose 4*o - 4*y - 196 = -n*y, 3*y - 168 = -4*o. What are the prime factors of o?
3, 5
Let z be (-120)/(-50) + 2/(-5). Let y(b) = 8*b**2 + 3*b + 2. Let x(u) = -17*u**2 - 7*u - 4. Let i(r) = 4*x(r) + 9*y(r). What are the prime factors of i(z)?
2
Let k(d) = d**2 - 15*d + 19. Let r be k(14). Suppose -r*b - 46 = -t, 4*b - 2*b - 338 = -5*t. List the prime factors of t.
2, 3, 11
Let n be 185 + 5/(5/(-3)). Suppose -w = -5*u + 438, 3*u = -2*w + n + 86. What are the prime factors of u?
2, 11
Let w(f) be the third derivative of f**5/10 - f**4/6 + f**3/2 + 6*f**2. Let u be w(3). Let i = 0 + u. What are the prime factors of i?
3, 5
Let p(o) be the first derivative of o**2/2 + 16*o + 23. What are the prime factors of p(13)?
29
Suppose -4*u + u = 3*d - 369, -3*d = -15. List the prime factors of u.
2, 59
Let d(n) = 9*n**3 - 19*n**2 + 33*n - 10. List the prime factors of d(6).
2, 181
Let d(q) = -q**3 + 10*q**2 + 8*q + 15. Let y be d(11). Let k be ((-4)/10)/(y/720). Suppose k*m + 99 = 19*m. What are the prime factors of m?
3, 11
Let v = -41 - -51. Suppose 5*i + 15 = -v, -38 = -3*y - 2*i. What are the prime factors of y?
2
Suppose -5*g + 3*g + 6 = 0. Suppose -7*y = z - g*y - 150, 2*y + 816 = 5*z. List the prime factors of z.
2, 3
Let i be (0 + 12)*(-11 + 13). Suppose -2*k + 6*k - i = 0. What are the prime factors of ((-8)/k)/(22/(-99))?
2, 3
Let h be 1 + 1/(-1) + 2/1. Suppose 4*i + 384 = 2*u, 3*u - h*i = 3*i + 575. What are the prime factors of u?
2, 5, 19
Let h be (-3)/(6/(-14)) + 2. Let i = 18 - h. Suppose -i*u = -11*u + 22. What are the prime factors of u?
11
Suppose 7*x + 17 = 38. Suppose 12 = -x*p + 27. What are the prime factors of p?
5
Let p(t) = -158*t - 824. List the prime factors of p(-7).
2, 3, 47
Suppose 2*p - 20 = -3*k, -3*k - 3*p = 2*p - 32. Let d(m) = -m**3 - 9*m**2 - m - 1. Let h be d(-9). Suppose k*y - 80 = h. What are the prime factors of y?
2, 11
List the prime factors of (2052/20)/(6/30).
3, 19
Suppose -f - 2 = 0, j + f - 2533 = -329. List the prime factors of j.
2, 1103
Suppose 2*v = -16 + 168. List the prime factors of v.
2, 19
Let f(q) = q**3 - 4*q**2 - q + 2. Let i be f(4). Let g(v) be the second derivative of -v**5/10 + v**4/6 - v. List the prime factors of g(i).
2, 3
Let x(r) = 4*r - 6. Let a(n) = n**3 - 7*n**2 + 7. Let k be a(7). Let u be x(k). What are the prime factors of 4/22 + 348/u?
2
Let q(g) = g**2 - 6*g - 14. Let j be q(8). Let y = 412 + -253. Suppose 0*z - 51 = -2*z + 5*s, 5*z - j*s = y. What are the prime factors of z?
3, 11
Let q(n) = 49*n**3 - n**2 - 3*n + 6. List the prime factors of q(2).
2, 97
Let u = -57 + 106. Suppose 0 = -46*s + u*s - 816. List the prime factors of s.
2, 17
Let k(r) be the first derivative of -3*r**2/2 - 7*r - 7. Let n be k(-4). Suppose n*t = -s + 194, 2*s = 2*t - t - 30. List the prime factors of t.
2, 19
Let b = 750 - -69. What are the prime factors of b?
3, 7, 13
Suppose -4*n + 292 = -4*l + 2240, 5*l - 3*n - 2431 = 0. List the prime factors of l.
5, 97
Let s(k) = k - 1. Let r(j) = -1. Let w(m) = -3*m + 3. Let u(v) = r(v) - w(v). Let b(n) = 4*s(n) - u(n). List the prime factors of b(3).
3
Suppose -5*g = -326 - 424. What are the prime factors of g?
2, 3, 5
Suppose 0 = -11*g - 3651 + 10009. What are the prime factors of g?
2, 17
What are the prime factors of (-1 - (0/1 + -1)) + 265?
5, 53
Let m(s) = 68*s**2 - 5*s - 8. List the prime factors of m(-3).
619
Suppose -1106 = -12*v + 10*v. List the prime factors of v.
7, 79
Suppose 2*o - 32 - 10 = 3*y, 143 = 5*o + 2*y. Suppose -2*c - 5 = -o. What are the prime factors of c?
11
Suppose 832 = -9*f + 211. Let l = f - -168. List the prime factors of l.
3, 11
Let c = 1677 - 1021. List the prime factors of c.
2, 41
Suppose -3*g - 410 = -8*g. Let f = g - 58. What are the prime factors of f?
2, 3
Suppose -10 = -s - 3*v, 2*v = 5*s + 4*v - 24. Suppose 5*w - 2 = s*w. Suppose 2*k - 4 = w*d, d - 20 = -5*k + 2. What are the prime factors of d?
2
Suppose -3*a + 5*a + 126 = 0. Let h = a - -125. What are the prime factors of h?
2, 31
Let k(m) = -m**3 + 5*m**2 - 4*m - 7. Let a be k(5). What are the prime factors of ((-18)/a)/(4/402)?
67
Let r(t) = -30*t - 117. List the prime factors of r(-25).
3, 211
Suppose 0 = 4*s + l - 5622, 0 = -13*s + 11*s + l + 2814. What are the prime factors of s?
2, 19, 37
Let h = 991 + -690. What are the prime factors of h?
7, 43
Let h(f) = f**3 + 3*f**2 - 4*f - 2. Let u be h(-3). Let d be (u/1)/(8 - 6). List the prime factors of 3/d*3*5.
3
Suppose -2*t = -2*b + 306, 0 = -4*b + 2*t - 4*t + 594. Let n = 75 + b. What are the prime factors of n?
3, 5
Let u = 4192 + -2265. What are the prime factors of u?
41, 47
Let u = -206 + 333. What are the prime factors of u?
127
Suppose -4*q - 20 = -4*a, -14 - 31 = -2*a - 5*q. List the prime factors of 113 - a - (-4)/(-2).
101
Suppose -c + 2*i - 35 = 0, 4*c - 6*i = -3*i - 115. What are the prime factors of (-2)/10 - 1630/c?
5, 13
Let t be (2 - -3)*(-2)/(-2). Suppose -8 = 2*z, -n + 6*n + t*z + 20 = 0. Suppose n = -2*g - 2*g + 24. What are the prime factors of g?
2, 3
What are the prime factors of (16050/(-12))/5*36/(-15)?
2, 3, 107
Let s(p) = -3*p + 50. Let c be s(16). Suppose 7*x - 5*i - 115 = c*x, -3 = -x - 3*i. List the prime factors of x.
2, 3
Let k(m) = -2833*m**3 + 4*m**2 - 3. What are the prime factors of k(-1)?
2, 13, 109
Let y(k) be the first derivative of 4 - 1/3*k**3 - k - 3*k**2. List the prime factors of y(-5).
2
Suppose -3*z - 20 = -5*r, 4 = 2*r - 2*z - 4. Suppose r*g + 24 = -2*d - 2*d, 5*d = 4*g + 15. List the prime factors of -1*(-29 + d) + -3.
3
Let c(j) = -j**3 + 6*j**2 + 2*j + 2. Let b be c(4). Suppose -b + 144 = -2*n. Let q = -32 - n. What are the prime factors of q?
19
Let h = -326 + 387. What are the prime factors of h?
61
Let x be (48/(-18) - -3)/(3/108). Let n(v) = -3*v - 2. Let m be n(-3). Let i = x - m. What are the prime factors of i?
5
Let u = 6 + -22. Let k = 34 - u. Suppose -4*s - 4*v = -7*s + 22, 4*v = 5*s - k. What are the prime factors of s?
2, 7
What are the prime factors of (785/30)/(3/18)?
157
Let f be (-8)/24 - 4/(-3). Suppose f = -2*s + 5. Suppose 2*l = 5*v - 2*l - 165, -s*v + 5*l + 49 = 0. List the prime factors of v.
37
Let i = -2735 - -4940. List the prime factors of i.
3, 5, 7
Suppose -5350 - 10 = -8*w. What are the prime factors of w?
2, 5, 67
Let u(p) = -29 + p**2 + p + 27 + 3*p. List the prime factors of u(-11).
3, 5
Suppose -f - 2*h = -16 + 7, -15 = -5*h. Let q(d) = 20*d + 1. Let j be q(1). Let m = f + j. List the prime factors of m.
2, 3
Let b(q) = -7*q**2 - 4*q + 5. Let n(p) = -6*p**2 - 3*p + 4. Let g(o) = 5*b(o) - 6*n(o). Let z be g(-2). What are the prime factors of (1/(-3))/(z/(-513))?
19
List the prime factors of (-4 - 256/(-28))/((-1)/(-413)).
2, 3, 59
Suppose 0*m = 7*m + 308. What are the prime factors of (m/(-55))/(2/240)?
2, 3
Let s(m) = 45*m**2 + 24*m - 178. What are the prime factors of s(8)?
2, 1447
Let x(a) = 3*a**2 - 16*a - 42. List the prime factors of x(15).
3, 131
Let l(c) = -27*c + 20. What are the prime factors of l(-11)?
317
Suppose 6*h - 260 = 2836. What are the prime factors of h?
2, 3, 43
Let p = -6948 - -10168. List the prime factors of p.
2, 5, 7, 23
Let k = -18 + 26. Suppose 2*v - k = 4*v, -4*b + 108 = -3*v. List the prime factors of b.
2, 3
Suppose 4*z - 4*p - 11604 + 1572 = 0, -2*p + 7529 = 3*z. List the prime factors of z.
13, 193
Let l = -60 + 64. Suppose 5*t = t + 8, v - 96 = -l*t. What are the prime factors of v?
2, 11
Let c = 42 - -245. List the prime factors of c.
7, 41
Let y(t) = 5*t**2 + 14*t + 261. What are the prime factors of y(-12)?
3, 271
Suppose 6*d - 7922 - 3802 = 0. What are the